h = 2*w - 8. Suppose 2*z = -z - 5*n + w, -25 = -2*z + n. What are the prime factors of z/4*(-624)/(-30)?
2, 13
Let g = 7 + -7. Suppose -2*n + 6*n - 3*d - 35 = 0, -4*n = 4*d. Suppose g*x + 20 = n*x. List the prime factors of x.
2
Let t(z) = 168*z**2 + z - 3. List the prime factors of t(2).
11, 61
Suppose 8*z - 3*u + 15 = 3*z, -4*z - 5*u = 12. Let p(j) = 16*j**2 - 5*j - 4. List the prime factors of p(z).
5, 31
Let u(j) = j**2 - j - 2. Let x be u(3). Suppose x*i + 19 = 59. List the prime factors of i.
2, 5
Let h be 2*(3 - -2) + (-57 - -51). Suppose -10 = -4*u + u - x, -u = -x - 2. Suppose 0 = h*y + r - 194, -u*y + 3*r = -0*r - 153. What are the prime factors of y?
7
Suppose -h = 3*h + 3*k - 511, 0 = -4*h - 2*k + 506. Suppose -3*d - h = -361. List the prime factors of d.
79
Suppose -6820 = -5*z + 4*t, 0 = -t - 3*t + 20. Suppose 10*c - 202 = z. List the prime factors of c.
157
Suppose 3*c + 107 = 5*n, -2*c + 68 = 3*n - 0*c. What are the prime factors of -3*4/6 + n?
2, 5
Let p(r) = -r**2 - r - 5. Let u(a) = a**2 + 5. Let q(s) = 2*p(s) + 3*u(s). What are the prime factors of q(-2)?
13
Let z(i) = -2*i - 5. Let o be 2 - 6 - 4/4. Let p be z(o). Suppose -4*k - 9 = -p*k. What are the prime factors of k?
3
Let w(l) = -l + 9. Let o be w(4). Suppose 4*v = 5*n + 11, 3*v - 8 = -n + o*n. Suppose -2*m + n = -33. What are the prime factors of m?
17
Let t(d) = 8*d**3 - d**2 + 4*d + 11. List the prime factors of t(5).
2, 503
Let k be 1/(-2) + (-30)/(-12). Suppose 5*a - 15 = k*a. What are the prime factors of (-20)/a*(0 - 5)?
2, 5
Suppose 0 = 2*n - 2*h + 16, -2*n - h - 7 = 3. Let l(t) = -5*t - 3 - t + 4*t. What are the prime factors of l(n)?
3
Suppose 0 = 573*z - 571*z - 32. List the prime factors of z.
2
Suppose 3*w + 0*w = -3. Let u be (-2)/1 + 5 + 0. Let a = u + w. List the prime factors of a.
2
Suppose -2*f + 462 = -2*u, -10*u = 4*f - 6*u - 956. List the prime factors of 0 + f/5*2.
2, 47
Suppose -9*z - 3120 = -15*z. List the prime factors of z.
2, 5, 13
Let u = 4759 - 3189. What are the prime factors of u?
2, 5, 157
Let a = -21 - -37. Suppose -h = -0*h - a. What are the prime factors of h?
2
Let l(h) = -h**2 - 47*h - 76. What are the prime factors of l(-36)?
2, 5
Let l(i) = i**3 + 12*i**2 - i - 15. List the prime factors of l(8).
3, 419
Let u(l) = l**2 - 5*l + 2. Let b = 1 - -5. Let v be u(b). Suppose -2*f + v = -16. What are the prime factors of f?
2, 3
Suppose -6*r - 6 = -8*r, -5*r + 1065 = l. List the prime factors of l.
2, 3, 5, 7
Let f = -193 + 241. List the prime factors of f.
2, 3
Let j = 10 - 8. Suppose 0 = -5*o + r - 0*r - 2, -3*o = j*r + 9. List the prime factors of o/(-3) - (-284)/12.
2, 3
Let h(r) = 16*r + r**3 - 23*r**2 - 5*r + 12*r**2 + 6. What are the prime factors of h(10)?
2
Suppose 9*d = -12*d + 9681. What are the prime factors of d?
461
Let v = -1068 - -1854. List the prime factors of v.
2, 3, 131
Let r = -63 - -61. What are the prime factors of 44/55*(-55)/r?
2, 11
Let k = 36 - -830. What are the prime factors of k?
2, 433
Let o(j) = -3*j - 4. Let l = 2 - 2. Let u = -4 - l. What are the prime factors of o(u)?
2
Let d(i) = 6*i - 73. What are the prime factors of d(16)?
23
Let b = 284 - -1341. List the prime factors of b.
5, 13
Suppose -4*a + s - 41 = -0*s, -4*a + 5*s = 61. Let z(y) = -y**2 - 14*y - 16. What are the prime factors of z(a)?
29
Let c be (-4 + 14)/2 - (1 + 2). Suppose -c*b = -121 + 17. List the prime factors of b.
2, 13
Let l be (-28)/(-6) + 28/21. Suppose l*h + 26 = -40. Let j(m) = -5*m + 15. List the prime factors of j(h).
2, 5, 7
Let w(x) = 36*x - 278. What are the prime factors of w(21)?
2, 239
Suppose -3*d + 6 = -4*d. Let c(z) = z**2 - 1. What are the prime factors of c(d)?
5, 7
Suppose 0 = 451*p - 456*p + 5810. List the prime factors of p.
2, 7, 83
Let o = -31 - -31. Suppose 0 = -3*j - o*j + 555. Suppose -5*u + j = 5*z, -u - 4*z - 148 = -5*u. List the prime factors of u.
37
Suppose -17 - 35 = -o + f, -2*o + 98 = 4*f. Suppose -22*m + 25*m - o = 0. Suppose -m - 3 = -4*j + 2*d, -5*j + 2*d = -26. List the prime factors of j.
2, 3
Let h be (1 + -2 + 3)*(-57)/(-6). Let r = 142 + h. List the prime factors of r.
7, 23
Suppose 3*y - 198 = -18. Let j be 1/6 - (-170)/y. Suppose 0 = -2*v + 2*l + 18, j*l = v - 2 - 7. What are the prime factors of v?
3
Let y(k) = 10*k**2 - 2. Let x be y(2). What are the prime factors of x - (8/(-2))/(-1)?
2, 17
Let m = 414 + 63. What are the prime factors of m?
3, 53
Suppose 2*t = -2*t + 2*f - 8, 0 = 2*f. Let h be (-2 + 1)*(-28 - t). Let m = -7 + h. List the prime factors of m.
19
Let q(s) = s**3 + 4*s**2 + 4*s - 1. Let a be q(-3). Let m be (3 + a)*(1 - 2). List the prime factors of (3/(-4))/(m/(-16)).
2, 3
Suppose -i + 3*t - 7 - 12 = 0, 2*i - 4*t + 28 = 0. Let j(g) = 2*g**3 + 4*g**2 + 3*g - 5. Let k be j(-5). What are the prime factors of i*(k/4)/5?
2, 17
Let g be (-2)/1*12/8. Let x be (-1 + (-3)/g)/2. Suppose x = -19*t + 16*t + 180. List the prime factors of t.
2, 3, 5
Let o(q) = 9*q + 22. Let g be o(-4). Suppose 0 = -8*t + 3*t - 2*i - 235, 34 = -t - 3*i. List the prime factors of (-762)/g - 28/t.
5, 11
Suppose 7*r - 9*r = 5*i - 4608, -7*r + 948 = i. List the prime factors of i.
2, 5, 23
Let h = 5 + -5. What are the prime factors of (-357)/(-35)*(5 - h)?
3, 17
Let w = 462 - 309. Let s = -31 + w. What are the prime factors of -3*(-1)/6*s?
61
Let i(q) = q**3 + 16*q**2 + 15*q + 22. Let y be i(-15). Suppose -5*l + 453 = -y. What are the prime factors of l?
5, 19
Suppose -8*m = -10*m + 142. Let g = 0 + m. What are the prime factors of g?
71
Let a = -8 - -2. Let p be 66/15 - a/(-15). Let d(b) = -b**3 + 6*b**2 - 5*b + 2. List the prime factors of d(p).
2, 7
Suppose -8 = -0*f - 4*f. List the prime factors of (f/5 + (-22)/5)*-16.
2
Let l = 185 + -80. What are the prime factors of ((-148)/10)/((-42)/l)?
37
Suppose -3*p + 5*j + 9714 = 0, 24*p + 3*j = 23*p + 3252. What are the prime factors of p?
3, 23, 47
Suppose h - 2*d - 35 = -2*h, -2*h - d = -21. Let r = 14 - h. What are the prime factors of r?
3
Let r(k) = -382*k + 24. List the prime factors of r(-2).
2, 197
Let k(w) = w**3 - 14*w**2 + w - 12. Let d be k(14). Let c(z) = 2*z**2 + 3*z**2 - 5*z**d + z**2 + 14. What are the prime factors of c(0)?
2, 7
Suppose 60*o + 14*o = 183520. What are the prime factors of o?
2, 5, 31
Suppose 3*l - 1149 = -333. What are the prime factors of (-1 + -2)*l/(-24)?
2, 17
Let c be 1 + 4/(-12)*-3. What are the prime factors of (-14 + c)/(6/(-64))?
2
Let s be (-8 - -7)/((-2)/(-10)). Let f(y) = -18*y - 17. List the prime factors of f(s).
73
Let t(q) = -q + 8. Let w(s) = 2*s - 16. Suppose 18 = -3*g - 0. Let k(a) = g*w(a) - 11*t(a). What are the prime factors of k(4)?
2
Suppose 17*x - 20*x = 33. Let q(i) = -i**2 - 19*i + 25. List the prime factors of q(x).
113
Suppose -2*s + 0*s = r - 5, -4*r + 12 = 4*s. Let c(w) = 4 + w - 6*w**3 + 6*w**3 - 4*w**s + w**2 + w**3. List the prime factors of c(3).
7
Let v = -52 - -232. What are the prime factors of v?
2, 3, 5
Let t(i) = i**2 - 11*i - 7. Let z(q) = -q + 6. Let o be z(-5). Let f be t(o). Let r(s) = -s**3 - 5*s**2 + 9*s - 7. List the prime factors of r(f).
2, 7
Suppose -5*z + 0*l + 2*l = -3674, -2*l = -2*z + 1466. List the prime factors of z.
2, 23
Suppose 3*s - 844 = 2*g, 4*g = s + 156 - 444. What are the prime factors of s?
2, 5, 7
Let p(w) be the third derivative of w**6/120 + 11*w**5/60 - w**4/12 + w**3/3 - w**2 - 1. Suppose 4*v + 48 = 4. List the prime factors of p(v).
2, 3
Suppose -19*b - 4*b + 15134 = 0. What are the prime factors of b?
2, 7, 47
List the prime factors of 4/2*(28575/2)/9.
5, 127
Let b = 114 - 77. Let j = 113 - b. Suppose r = -r + j. List the prime factors of r.
2, 19
Let t(j) be the first derivative of -j**4/2 - 14*j**3/3 + 7*j - 20. List the prime factors of t(-7).
7
Suppose -2604 = -7*c - 826. Suppose -c = 42*m - 43*m. What are the prime factors of m?
2, 127
Let f(t) = -2211*t - 21. What are the prime factors of f(-1)?
2, 3, 5, 73
Let g be 1/((5/(-15))/(-1 - 0)). What are the prime factors of 4/(-1) + g + 75?
2, 37
Suppose 0 = 3*a + t - 5479, a + t = 4*t + 1823. List the prime factors of a.
2, 11, 83
Suppose 3*k = 2*k + 3. Suppose r - k*r - 9 = -3*h, 4*h - 35 = -5*r. Suppose -47 = -2*g - 3*t, 18 = -h*g + 3*t + 104. List the prime factors of g.
19
List the prime facto